uppose 4*r - w = 4*y, 4*r - 1417 = 3*y + 84. What are the prime factors of r?
2, 47
Let k = 5487 + -2044. Suppose -4*y + k = 5*d - 6*y, 0 = -2*y + 2. What are the prime factors of d?
13, 53
Let g(c) = -676*c - 2437. List the prime factors of g(-26).
15139
Let s(t) = 5*t**3 - 7*t**2 - 6*t + 46. Let n(u) = -4*u**3 + 9*u**2 + 6*u - 46. Let v(w) = 6*n(w) + 5*s(w). List the prime factors of v(-17).
2, 5, 43
Suppose 11948 = 2*v + t - 1466, -26848 = -4*v + 3*t. What are the prime factors of v?
6709
What are the prime factors of 2747/2*(205 - 199)?
3, 41, 67
What are the prime factors of 16908/(-9)*(63/6 + -12)?
2, 1409
Let a(m) be the first derivative of m**3 - 13*m + 1116. Suppose 2*b = -3*b + 4*r + 17, 4*b - 30 = -5*r. List the prime factors of a(b).
2, 31
Let h be (2 - (-5)/(-3))/((-2)/5430). Let v = -404 - h. What are the prime factors of v?
3, 167
Let n(a) = -4*a**2 + 3*a - 2. Let m be n(-5). Let u(j) = 222*j**3 + 21*j - 22. Let l be u(1). Let r = l + m. What are the prime factors of r?
2, 13
Let m = 39094 - 23565. List the prime factors of m.
53, 293
Suppose 5*i - 3*q = -67, -5*q + 8 + 29 = -3*i. Let z(c) = -7*c + 196. What are the prime factors of z(i)?
2, 3, 7
Suppose -4*y - 10080 = -4*s, -9*y = 4*s - 5*y - 10048. What are the prime factors of s?
2, 17, 37
Suppose 6*x = 10*x - 20. Suppose 13 = x*s - 27. Suppose s*v - 1552 = -0*v. List the prime factors of v.
2, 97
Suppose 0 = 4*i + u + 29, 5 - 13 = -2*i + 4*u. Let v be i*(4 - 40/6). Let p = 20 - v. What are the prime factors of p?
2
Let g be -2 + 0 + 6 + -4. Suppose 0 = o + 5*q + 7, g*q - 2 = -4*o - 5*q. Let h(r) = 2*r**3 + 4*r**2 + 4*r - 10. List the prime factors of h(o).
2, 23
Let g(j) = 26*j**2 + 84*j + 1277. List the prime factors of g(-21).
10979
Suppose -2*u = -3*u - v + 573, -5*u = 4*v - 2864. Suppose -6*t = -4 - u. List the prime factors of t.
2, 3
Suppose 50636 + 64314 = 55*l. What are the prime factors of l?
2, 5, 11, 19
Suppose -t - 6 = 2. Let c(j) = j + 9. Let k be c(t). List the prime factors of 4*((-18)/(-8))/k.
3
Let x(n) = -6250*n - 3670. List the prime factors of x(-6).
2, 5, 17, 199
Let p be 18180/(-42) + 1/(-7). Let z = 546 + p. List the prime factors of z.
113
Suppose 260*k - 234*k - 9204 = 0. List the prime factors of k.
2, 3, 59
Suppose -19*o = -2*o + 425. What are the prime factors of 6/((-30)/o) - -176?
181
Suppose 4*j = -3*o - 2*o + 24478, -j + o + 6115 = 0. What are the prime factors of j?
3, 2039
Suppose 0*p + 5*p + 3*l - 32 = 0, -5*p = -4*l - 4. Let f = 1233 + -1233. Suppose f = 2*y + 5*d - 191, -2*y = -3*d + p*d - 211. What are the prime factors of y?
2, 3
Let p(y) = -8*y**2 + y. Let m be p(1). Let t be ((-6)/(60/445))/(-3 + 21/6). Let s = m - t. What are the prime factors of s?
2, 41
Suppose -8*k + 5*k + 36 = 0. Suppose -k + 1326 = 2*b. What are the prime factors of b?
3, 73
List the prime factors of (-1858336)/(-128) - (45/20 - 2).
2, 7, 17, 61
Let r(u) = -u + 37. Let t be r(21). Suppose -t*y = -5*y + 55. List the prime factors of y + 5 + -3 - -155.
2, 19
Suppose f = -4*q + 23, -3*q - 2*q = 4*f - 147. Let z = 55 - f. What are the prime factors of z*(6 + -2) + -3?
3, 5
Suppose 39917 = 13*l - 9*l - 5*a, -10 = 2*a. List the prime factors of l.
9973
Let y(w) = 990*w + 1354. List the prime factors of y(16).
2, 8597
Let f = -116 - -258. Suppose -2*m + 3*i + f = 7*i, -2*i + 254 = 4*m. Let w = m + 88. List the prime factors of w.
149
Suppose b + 12*b - 4329 = 0. Let x = b - 497. Let l = -87 - x. What are the prime factors of l?
7, 11
Let s = 32494 + -16904. List the prime factors of s.
2, 5, 1559
Let s(x) = -565*x**3 - 2*x**2 - 3*x - 1. Let z be s(-1). Let a = z + 230. What are the prime factors of a?
3, 5, 53
Suppose -6*i = -i - 25. Suppose 3*j + 2040 = 3*x, 4*j = i*x + 5*j - 3424. What are the prime factors of x?
2, 3, 19
Let h be -6*(2 + 0/2). Let m = 16 - h. Suppose -d + 0*d = -m. What are the prime factors of d?
2, 7
Let s be -3*(44/(-15) - (-12)/20). Suppose s*o = 1223 + 2284. What are the prime factors of o?
3, 167
Suppose -48*y + 368219 = -63925. What are the prime factors of y?
3, 3001
Suppose 29*a = 12959 + 40314. List the prime factors of a.
11, 167
Let i(a) = 9*a**3 - 7*a**2 - 16*a - 3. Let b(o) = 17*o**3 - 14*o**2 - 31*o - 7. Let m(s) = -6*b(s) + 11*i(s). What are the prime factors of m(-4)?
3, 7, 13
Suppose -77*q + 152964 = -56*q. What are the prime factors of q?
2, 3, 607
Suppose -7*t - 8*t = 180. Let j(d) = d**3 + 14*d**2 - 7*d + 17. List the prime factors of j(t).
389
Suppose -4*n - 10 = 2*p, p + 9*n = 5*n - 13. Suppose 883 = -p*z + 3154. What are the prime factors of z?
757
Suppose -2*v = -2*d - 643 + 11253, -2*d = 3*v - 10630. List the prime factors of d.
5309
Let p be 4 + (-5 - -4) - 0 - 30. Let k = p - -835. List the prime factors of k.
2, 101
Let s be (-108)/(-45) - (-3)/5. List the prime factors of (1*-63)/(s - 2541/836).
2, 3, 7, 19
Let b(q) = 19*q**2 - 6*q - 21. Suppose -3*t = -t + 8. What are the prime factors of b(t)?
307
Let n be (-9*8/(-16))/((-3)/(-20)). What are the prime factors of -346*20/n*(-30)/8?
5, 173
Let r(s) = 14*s - 201. Let g be r(23). Suppose -114*c + g*c - 931 = 0. List the prime factors of c.
7, 19
Suppose 19*k + 2*i = 23*k - 118502, -4*i = k - 29648. List the prime factors of k.
2, 3, 823
Let i = -408 - -694. Let x = i + -150. List the prime factors of x.
2, 17
Suppose -89*j - 372222 = -211*j. What are the prime factors of j?
3, 113
Suppose 0 = -4*x, 10*x + 7672 = 4*t + 9*x. Let n = t - 1290. What are the prime factors of n?
2, 157
Let p = -553 + 553. What are the prime factors of (p/1 + -2)/((-6)/768)?
2
Let p be (-4)/((-4)/(-2)) - -94. Suppose 0 = -7*b + 3*b - p. Let g = 163 - b. List the prime factors of g.
2, 3, 31
Let l(d) = d**2 - 8*d + 13. Let o = 33 - 26. Let y be l(o). Suppose 0 = y*x - 9*x + 678. What are the prime factors of x?
2, 113
Let i = -26627 + 41650. List the prime factors of i.
83, 181
Let w(h) = 2*h**3 - 28*h**2 + 257*h - 249. List the prime factors of w(27).
2, 3, 2137
Let p = 50 + -47. Suppose 5*k - p = 4*k. List the prime factors of k/2*164/3.
2, 41
Let d(a) = -7*a + 221. Let p(y) = 5*y - 111. Let l(b) = 3*d(b) + 5*p(b). List the prime factors of l(9).
2, 3
Let u(w) = 57*w - 1021. What are the prime factors of u(89)?
2, 1013
List the prime factors of ((-21)/(-3) - (9 + -4) - 1) + 15640.
15641
Suppose 0 = -2*x - 2*l - 168, x + l = -l - 88. Let p = 88 + x. List the prime factors of p.
2
Suppose -3*c = -2*q + 4131, 5553 + 4767 = 5*q - 5*c. Suppose -3*p + 25 = 2*p, -2*o + p + q = 0. What are the prime factors of o?
1033
Let s = -4373 + 5204. What are the prime factors of s?
3, 277
Suppose -3*l + 3*g - 18 = 0, -l = -2*l - 2*g - 21. Let y(c) = 6*c**2 + 11*c + 25. List the prime factors of y(l).
2, 3, 5, 7
Suppose -2*w + 484 = -w. Suppose -2*l - 200 = -0*u - 2*u, -5*l + u - w = 0. What are the prime factors of l/(-2) - (1 - -1)?
2, 23
List the prime factors of ((557960/(-25))/(-26))/(1/15).
2, 3, 29, 37
Let b be (-14)/((-112)/36) + (-2)/(-4). Suppose -4*v = -5*a - v + 108, b*v = 20. List the prime factors of a.
2, 3
Let v = 257 + -183. Suppose 3*g - 2*b - v = 0, -4*b + 3 = 7. Let x(u) = -2*u + 58. List the prime factors of x(g).
2, 5
Suppose 3*a - 4*q - 19349 + 352 = 0, q = -2*a + 12650. List the prime factors of a.
3, 19, 37
Suppose 5*m + 5*q - 2605 = 0, m - 2*m + 515 = -5*q. Suppose 15*n - 10*n = m. Suppose -n = -2*b - 0*b + 2*v, 5*b = -5*v + 270. List the prime factors of b.
53
Let m = -116 - -239. Suppose p = -m - 8. Let c = 246 + p. List the prime factors of c.
5, 23
Let f = -933 + 13891. List the prime factors of f.
2, 11, 19, 31
Suppose 2*u + 5*q - 88 = 13, 2*u - 5*q - 91 = 0. Let z = u - 45. What are the prime factors of (-14)/((z + 2)/(-55))?
2, 7, 11
Let r(p) = -3071*p + 1397. List the prime factors of r(-5).
2, 3, 349
Suppose -574*c + 575*c + 2*p = 19216, p + 96135 = 5*c. What are the prime factors of c?
2, 9613
Let j(h) = -h**3 + 8*h**2 + 3*h - 14. Let z be j(8). Suppose -z*g - 111 + 2831 = 0. What are the prime factors of g?
2, 17
Suppose -11*p + 80481 = 6*p + 18142. What are the prime factors of p?
19, 193
Let h = -247 + 262. Suppose -h*w - 93 = -1038. What are the prime factors of w?
3, 7
Let v = -734 + 2000. Suppose 0 = 2*x - 2110 - v. What are the prime factors of x?
2, 211
List the pr